-22030102
In base 13, what is -1 - -205b?
205a
In base 16, what is -3 + 499f?
499c
In base 11, what is -3519a + -29?
-35218
In base 14, what is -3 - -6ad88?
6ad85
In base 12, what is b + 28221?
28230
In base 5, what is -1422 + 224241?
222314
In base 7, what is -4334213 - 0?
-4334213
In base 4, what is 0 - 111310213?
-111310213
In base 9, what is 328034 - -13?
328047
In base 7, what is 122 - 5133?
-5011
In base 2, what is -101101 + -100001101?
-100111010
In base 2, what is -1 - -111010101001100101?
111010101001100100
In base 13, what is 283 + 299?
54c
In base 12, what is -11 - 3775?
-3786
In base 14, what is 9da + 24?
a20
In base 14, what is b - 274?
-267
In base 2, what is -101 - -10110000011001110?
10110000011001001
In base 7, what is 54334 - 0?
54334
In base 9, what is -118 + 282?
163
In base 9, what is 10250 - -614?
10864
In base 7, what is -244 - -152?
-62
In base 10, what is 8102 + -5?
8097
In base 9, what is 42602 + 11?
42613
In base 4, what is 10 + 12111012133?
12111012203
In base 11, what is 8 + 1721?
1729
In base 12, what is 52 - -3143?
3195
In base 8, what is 115625 + -5?
115620
In base 5, what is -42111 - 1413?
-44024
In base 2, what is 11111101 + -1110000111?
-1010001010
In base 16, what is -f2 - b4c?
-c3e
In base 6, what is 4533 + -2341?
2152
In base 4, what is 330 - 22?
302
In base 16, what is 326 - -36?
35c
In base 12, what is -33 + -144?
-177
In base 6, what is -123341 + -10?
-123351
In base 11, what is 241 + 286?
517
In base 7, what is -220 - -46?
-141
In base 5, what is 141402 + 421?
142323
In base 11, what is 12452 + 5?
12457
In base 15, what is -29d9d - 1?
-29d9e
In base 6, what is -315 + -2322?
-3041
In base 10, what is 678 - -2166?
2844
In base 2, what is -101100110 + 100000010?
-1100100
In base 8, what is -2 + 11675?
11673
In base 6, what is -454 - -13252?
12354
In base 15, what is -6db + -1c2?
-8ad
In base 7, what is 3 + -253436?
-253433
In base 13, what is -3836 + 12?
-3824
In base 3, what is -201 - 22211?
-100112
In base 5, what is 1014 + -22134?
-21120
In base 3, what is -11 + -10121111200?
-10121111211
In base 12, what is 41b2 - 5?
41a9
In base 11, what is 43 + -7156?
-7113
In base 4, what is 123 - 1002201?
-1002012
In base 2, what is -1100011100000 - -10000100001?
-1010010111111
In base 5, what is -2114210 + -40?
-2114300
In base 15, what is -41 - -144?
103
In base 6, what is -5130442 - 5?
-5130451
In base 8, what is 4 - 26472?
-26466
In base 16, what is 4071 + 3?
4074
In base 13, what is 0 + -5360?
-5360
In base 5, what is -134120 + 1344?
-132221
In base 5, what is -431433 - 21?
-432004
In base 16, what is 58 - -eb?
143
In base 14, what is -10 - b53?
-b63
In base 13, what is -195c - 3?
-1962
In base 16, what is 311 - 6?
30b
In base 7, what is -2 + -50326?
-50331
In base 13, what is -c + -bb34?
-bb43
In base 8, what is 5 - 17044?
-17037
In base 8, what is -10 + -12534?
-12544
In base 15, what is -1c525 + 1?
-1c524
In base 2, what is 0 - 10110000011010?
-10110000011010
In base 16, what is 59 + 30d?
366
In base 7, what is 3522 + 45?
3600
In base 6, what is -202 + -1220?
-1422
In base 16, what is -6b8 + 19?
-69f
In base 16, what is 1172f + -1?
1172e
In base 4, what is -112211 - -301?
-111310
In base 16, what is -7cb - 9e?
-869
In base 10, what is -27889 - 4?
-27893
In base 12, what is -2 - 68593?
-68595
In base 14, what is 4d827 - -3?
4d82a
In base 10, what is -26 + 1170?
1144
In base 12, what is a - -9904?
9912
In base 11, what is 8 - -2394?
23a1
In base 14, what is c - -177d2?
17800
In base 7, what is -36101 + -10?
-36111
In base 8, what is 5 - -22244?
22251
In base 9, what is -2 + -2011?
-2013
In base 6, what is -14 - -5303?
5245
In base 6, what is -124452 - 1?
-124453
In base 7, what is -23 + -23326?
-23352
In base 15, what is 6 + -702c?
-7026
In base 15, what is -26 + 32b?
305
In base 15, what is 3 - -2926ce?
2926d2
In base 14, what is -582a - -3?
-5827
In base 15, what is 84d6 - -24?
850a
In base 7, what is 16243503 + -4?
16243466
In base 11, what is 2 - -134856?
134858
In base 16, what is -1 + -c43?
-c44
In base 4, what is 2003222000 + -10?
2003221330
In base 7, what is -25 - -2404?
2346
In base 13, what is -1 - 2a3680?
-2a3681
In base 11, what is -2 - 27a13?
-27a15
In base 9, what is -7 + -123657?
-123665
In base 16, what is 8674 - 5?
866f
In base 15, what is -16a + -798?
-913
In base 16, what is 4 - -2fa6e?
2fa72
In base 5, what is -4 + 300431?
300422
In base 5, what is 420 + -2210120?
-2204200
In base 4, what is 2022 - -223031?
231113
In base 15, what is 18dd46 + -3?
18dd43
In base 15, what is 7166 + -bc?
7099
In base 7, what is 3312035 + -4?
3312031
In base 13, what is -3c14 - 22?
-3c36
In base 16, what is -2999 + -12?
-29ab
In base 12, what is -41a + -3531?
-394b
In base 8, what is -3507 - -352?
-3135
In base 4, what is 11 - -13013131?
13013202
In base 3, what is -10 - -20202011?
20202001
In base 14, what is 0 - -254d62?
254d62
In base 9, what is -22 - -15646?
15624
In base 15, what is -4c3b - 5?
-4c41
In base 12, what is -3 - -140167?
140164
In base 16, what is -5 + -95?
-9a
In base 4, what is -3 + 303030?
303021
In base 3, what is 10200 + 12001100?
12012000
In base 11, what is -737 + -191?
-918
In base 15, what is 128 + 72?
19a
In base 5, what is 4 + -1021401?
-1021342
In base 6, what is 1 - -12250?
12251
In base 8, what is 147455 + 3?
147460
In base 6, what is -321 - -245?
-32
In base 16, what is 7279 + 0?
7279
In base 15, what is 65 + ab?
121
In base 9, what is 0 - -674?
674
In base 11, what is -3a56 + 411?
-3645
In base 11, what is 7372 + -2?
7370
In base 14, what is 5 - -15a7ac?
15a7b3
In base 2, what is -110011101000 - -11011010?
-110000001110
In base 10, what is -1 + -9141?
-9142
In base 6, what is 2 - -30242?
30244
In base 15, what is -a33 - -93?
-990
In base 8, what is 22274 + -5?
22267
In base 3, what is -112202011012 + -1?
-112202011020
In base 3, what is 201220211210 - 12?
201220211121
In base 3, what is -211110 - -121111?
-12222
In base 8, what is 226 + 327?
555
In base 12, what is -841 - b?
-850
In base 11, what is -233 - 1233?
-1466
In base 16, what is 11 - -1a080?
1a091
In base 3, what is 212112 + 220?
220102
In base 13, what is -48b + 284?
-207
In base 6, what is 140141 - -152?
140333
In base 6, what is -5 + 55115?
55110
In base 5, what is -3314314 - 142?
-3320011
In base 10, what is -404 + -212?
-616
In base 4, what is -2103 + -10230?
-12333
In base 5, what is -10 + 32203341?
32203331
In base 11, what is 4 + 258536?
25853a
In base 16, what is -94 + -2d6?
-36a
In base 6, what is -433 - 14?
-451
In base 6, what is -4 - 141432?
-141440
In base 14, what is 3d - -437?
476
In base 16, what is -1468 + -bc?
-1524
In base 10, what is 2 + 2861?
2863
In base 15, what is -21e1 - -9?
-21d7
In base 5, what is -2 + -1042340?
-1042342
In base 15, what is -1c - 36244?
-36261
In base 11, what is -5a2 + 29?
-574
In base 7, what is -4 - 223321?
-223325
In base 3, what is -11 + -110111202?
-110111220
In base 8, what is -177554 - -10?
-177544
In base 5, what is -2320 - -14143?
11323
In base 4, what is -122 - 213033213?
-213100001
In base 8, what is -11 + 24715?
24704
In base 2, what is -10001001 + -101110011111?
-110000101000
In base 11, what is 19a56 - -4?
19a5a
In base 2, what is 1010000011110010 + -1110?
1010000011100100
In base 8, what is 24321 - -10?
24331
In base 12, what is 502000 - 5?
501bb7
In base 9, what is -4 + 588506?
588502
In base 2, what is 10 + -1001101011110001?
-1001101011101111
In base 11, what is -4 - 26176?
-2617a
In base 12, what is -3 + -8867?
-886a
In base 5, what is -3 + 123212033?
123212030
In base 5, what is -2130312 - -2?
-2130310
In base 4, what is -2203220 + -10?
-2203230
In base 9, what is 0 - -57367?
57367
In base 16, what is -3 + -219ae?
-219b1
In base 7, what is -35300 - 54?
-35354
In base 15, what is aab + -33?
a78
In base 14, what is -25 + -712?
-737
In base 16, what is -7 - 97d?
-984
In base 9, what is -653673 - -5?
-653667
In base 15, what is -9 - -1255?
124b
In base 5, what is 303432 - 203?
303224
In base 12, what is 249a - 4?
2496
In base 3, what is -2221112210 + -100?
-2221120010
In base 5, what is 0 - -303032?
303032
In base 4, what is 11 - -2313011?
2313022
In base 9, what is -13 + -1336?
-1350
In base 14, what is -1964 + 18?
-194a
In base 2, what is 111101 - 1